+ 5 - 1 = 0. Suppose f - 276 = -4*i + m*f, -4*i + 276 = 5*f. Is i a composite number?
True
Let x(w) = -w**3 + 8*w**2 + 10*w - 5. Let c be x(9). Suppose 3*v - 59 = -c*m, -4*v + 4*m + 0*m = -88. Is v a composite number?
True
Let t = -225 - -352. Is t a prime number?
True
Suppose 0 = 2*c - 8 - 2, c - 180 = -5*a. Is a a prime number?
False
Suppose 3*c - 4*c + 3 = 0. Suppose -207 = -0*s - 2*s - 5*t, c = t. Suppose 0 = 2*z - 5*h - s - 59, -4*z + 4*h + 280 = 0. Is z a composite number?
True
Let h = 319 - -90. Is h prime?
True
Is 15/(-20) - 599/(-4) composite?
False
Suppose -i - 2*i + 5*j + 2567 = 0, j - 2 = 0. Is i a composite number?
False
Suppose 0 = 4*r - 4*k + 32, 4*r + k + 12 = -0*r. Is (r - 3)/(1/(-19)) prime?
False
Let n(k) = -k**2 + 9*k - 1. Let a be n(9). Let o = a - -5. Suppose -4*f + 140 = o*g, -4 = 6*g - 4*g. Is f a composite number?
False
Let v be 48/9 + 1/(-3). Suppose -d - 2*d + 946 = r, -v*d + 1554 = -4*r. Suppose -83 = 3*a - d. Is a a prime number?
False
Let i be ((-1)/2)/(3/6). Let l(t) = -708*t + 1. Is l(i) a composite number?
False
Let w(i) = 4 + 2*i**2 - 6 + 3. Let j be ((-9)/(-4))/(27/36). Is w(j) a prime number?
True
Let a(t) = 190*t**2 + 2*t - 1. Is a(2) composite?
True
Suppose -4*g - 387 = -2*h + 659, 4*g + 12 = 0. Is h prime?
False
Let l(f) = -f**2 - 1. Let p(u) = -2*u**2 - 6*u + 6. Let h(x) = l(x) - p(x). Let y be h(-7). Suppose y = -n + 42 - 5. Is n a prime number?
True
Let y be -12*(1 + 4/6). Suppose 4*k = -69 + 201. Let i = y + k. Is i composite?
False
Suppose 2*c - 1285 = -3*c. Is c prime?
True
Let v(q) = q**3 + 4*q**2 + 10*q + 13. Let k be v(-10). Is (-6)/(-21) + k/(-21) a prime number?
False
Let q(a) = a**2 + a + 43. Let j = -5 + 9. Suppose j*x + 2*z + 3 = z, -15 = -3*x + 5*z. Is q(x) a composite number?
False
Let p(z) = -148*z - 69. Is p(-7) prime?
True
Let p(n) = -n**2 - 6*n - 6. Let i be p(-4). Let h be 4/24 - (-46)/12. Is 1 - -41*h/i prime?
True
Suppose -o + 437 = 28. Is o prime?
True
Let p be 1/2*10 - (6 - 5). Let u = -1 - -4. Suppose -a + 1 = -5*i, -3*a + p*a - 41 = -u*i. Is a prime?
False
Let x = 2050 - -2479. Is x a composite number?
True
Suppose 2*m + 2*n + 30 = 0, -m - 2*m + 4*n - 17 = 0. Let z = 16 + m. Suppose -u - u - 3*g + 21 = 0, 0 = 5*g - z. Is u a prime number?
False
Let b = 8 - 14. Is (21/b)/((-2)/116) prime?
False
Let h = -1422 + 2699. Is h a composite number?
False
Suppose 1757 - 179 = -2*w. Let i = w + 1292. Is i a prime number?
True
Let o be 2 + 5/((-10)/(-4)). Let v be (-1)/(-1*2/o). Is 474/10 + v/(-5) prime?
True
Suppose 2*u - 8 = 0, -u - u = -i + 251. Is i prime?
False
Suppose 0 = -y - 3*m + 381, -2*y - 2*m + 807 = 65. Let q be 2/5 - y/(-10). Let v = q - 22. Is v a composite number?
True
Let s(o) = o + 26. Let u be s(15). Let d be -1 - (-129 - (2 - 0)). Let m = d - u. Is m composite?
False
Let u(j) = j**3 - 6*j**2 + 7*j - 17. Let t be u(7). Suppose -3*i + 0*n = -3*n - 381, 4*n - 142 = -i. Let s = i - t. Is s prime?
False
Let u = 285 + -186. Let i = u + -34. Is i composite?
True
Suppose 4*x = 4*u + 4, 2*u - 6*x + 10 = -2*x. Suppose -3*r = -r - 3*q + 3, 3*r - u*q + 9 = 0. Let v(f) = f**3 + 6*f**2 - 5*f - 4. Is v(r) prime?
False
Is (3/6)/(2/508) composite?
False
Let r(k) = -2*k**3 - 9*k**2 - 2*k - 1. Let u be r(-6). Suppose 4*c = 2*v + 142, u = 2*c + 2*v + 39. Is c composite?
False
Suppose 0 = -5*q - q + 8454. Is q a prime number?
True
Let r = 8 - 6. Suppose 5 = -3*p + r*u - 66, -4 = -4*u. Let h = p - -46. Is h a composite number?
False
Let q(l) = 4*l**2 + 5*l - 1. Suppose -2*y + 5*h - 5 = 0, -3*y - h = -8*y - 70. Let t be 36/(-10) - (-6)/y. Is q(t) a composite number?
False
Suppose 4*b = -3*g + 251, -4*g + 2*g + 188 = 3*b. Let d = b + 17. Is d prime?
True
Let s = 795 - 453. Let z = -181 + s. Is z prime?
False
Let f = 43 + 580. Is f a composite number?
True
Suppose 1153 - 159 = 2*x. Is x a prime number?
False
Let w = 1 + 4. Suppose w*z = 295 - 105. Is z composite?
True
Let m(c) = -24*c + 5. Let n(w) = 1. Let u(x) = m(x) - 4*n(x). Let k be u(2). Let d = 20 - k. Is d a composite number?
False
Let q = 229 - 86. Is q composite?
True
Suppose -t + 2015 = 4*t. Is t composite?
True
Let q = 86 - 46. Suppose i = 5*i - q. Is i composite?
True
Let u = 30 + -23. Is u a prime number?
True
Let p(r) = -r**3 + 7*r - 11. Is p(-8) composite?
True
Suppose -4*a = -6*a + 4. Let l(r) = -18*r**3 - r**a - 12*r**3 + 7*r**3. Is l(-1) a prime number?
False
Let b(s) = -s. Let r be b(0). Suppose a + 3*q - 28 = r, -2*q = -4*a + 112 + 28. Is a a prime number?
False
Suppose -828 = f - 5*f. Suppose 8*c - 5*o = 3*c - 1075, 3*o + f = -c. Let h = c + 310. Is h a composite number?
False
Suppose 32*m = 24*m + 1688. Is m composite?
False
Let t = -8 - -13. Let o = 3 - t. Is 1 + -1 + (-110)/o prime?
False
Let j(n) = n**3 + 9*n**2 + 8*n + 5. Let w(p) = -31*p**2 + 3*p - 2. Let o be w(2). Let k be ((-4)/5)/((-16)/o). Is j(k) a composite number?
True
Let q(a) = 7*a + 10. Let b be q(-7). Is (12/6)/((-2)/b) a prime number?
False
Is 44/66*5511/2 a composite number?
True
Let p(d) = -d**3 + 7*d**2 + 8*d - 5. Is p(6) composite?
False
Suppose -5*z = -3 - 7. Is (-8 - -167) + 0 + z prime?
False
Suppose -4*y + 24 = -252. Let i = y - -16. Is i a composite number?
True
Suppose 2*x + 1774 = 4*x. Is x prime?
True
Let k(c) be the second derivative of 7*c**5/60 + 7*c**4/24 - 7*c**3/6 + c**2/2 - c. Let u(f) be the first derivative of k(f). Is u(-6) a composite number?
True
Let m = -111 - -307. Suppose -4*k - m = -0*k. Let w = 10 - k. Is w prime?
True
Suppose 0 = 3*p + 4*i - 173, -3*i = -p - 4*i + 56. Is p composite?
True
Suppose -8 = -5*t - v + 2*v, 14 = 2*t + 5*v. Let h = 7 - 4. Suppose t*x = -h*x + 95. Is x prime?
True
Suppose -5025 = -5*i - 4*g, -5*i - 3*g + 5*g + 5055 = 0. Is i composite?
False
Is (-166)/(1/(-6)*4) a prime number?
False
Let f(t) = -t**3 + 10*t**2 - 8*t. Let i be f(9). Suppose 0 = -2*l - g + 12, l + g + 2 = i. Suppose -4*y + 2*s + 134 = s, 2*y - l*s - 58 = 0. Is y composite?
True
Let o(f) = 156*f - 22. Is o(10) a prime number?
False
Suppose -4*o + 470 = -1190. Is o prime?
False
Let r be (-80)/6*9/(-4). Suppose p - 16 = 4*l, 0 = -p - 5*l - r + 10. Suppose 3*b = -p*b + 45. Is b composite?
True
Is (355/(-1))/(-6 + 5) prime?
False
Let b = 300 + -13. Is b a prime number?
False
Let q(x) = x**3 - 5*x**2 + 4*x - 2. Let z be q(2). Let l(c) = -3*c**3 - 2*c**2 - 2*c - 7. Is l(z) composite?
True
Let s(i) = 7*i + 6. Let d be s(-6). Is (d/(-4))/(-3) - -114 prime?
False
Let f(v) = 2*v - 4*v + 3*v**2 + 3*v. Let w be f(-1). Suppose 50 = w*n - 0*n. Is n composite?
True
Let g(v) = v**3 + v**2 - 2*v + 97. Is g(0) a composite number?
False
Let u(h) = -h**2 - 4*h. Let n be u(-3). Suppose -1 = -f - n. Is (-2 - f - -22) + 1 prime?
True
Let s(k) = -k**3 - 7*k**2 - 7*k - 7. Let m(t) = -t**3 + 7*t**2 - t + 1. Let a be m(7). Let i be s(a). Let j(p) = -154*p**3 - p. Is j(i) a composite number?
True
Let z(u) = 3*u**2 - 5*u - 1. Suppose 8 = 3*x - 5*a, -2*a + 17 = 2*x - 3*a. Let t = x - 5. Is z(t) a composite number?
True
Suppose 3060 = 7*h + 197. Is h a prime number?
True
Let i(q) = q**2 + 5*q + 4. Let l be i(-4). Suppose l*n - 28 = 4*n. Let a = 13 + n. Is a a prime number?
False
Is (-10 + 9)/(1/(-2177)) a composite number?
True
Suppose 2*w - 15 = -5. Suppose -w*d + 94 = -3*d. Is d a composite number?
False
Suppose 0 = 3*j + 1 - 7. Suppose c = j*t + 413, t = -2*t. Let q = c - 294. Is q prime?
False
Suppose 0 = 4*w - 2*i + 16, 0 = 3*i - 1 + 13. Let c = -4 - w. Suppose -c*o + 61 = -177. Is o composite?
True
Is (-4713)/(-2) - (1 + (-15)/10) composite?
False
Let q = 3 + -3. Let u be 5*(q + (-2)/2). Let a = 6 - u. Is a composite?
False
Let i be (-4 - 113)*(-4)/6. Suppose -k - k + i = 0. Is k prime?
False
Suppose 0 = -3*h + 4*h - 119. Let l = -28 + h. Is l composite?
True
Let w(o) = 133*o - 7. Let z be -3 - ((-4)/(-2) + -11). Is w(z) a prime number?
False
Suppose -5*c = -5*y + 315, 197 = -3*y + 6*y - 5*c. Is y composite?
False
Let v(d) = 7*d**2 + d**3 - 3 - d**2 + 5*d + 0*d**3. Let z be v(-5). Let w(o) = -o**3 - 2*o**2 - 4*o - 2. Is w(z) a composite number?
False
Suppose 0 = -2*h + 175 + 531. Is h a composite number?
False
Let x(p) = p**3 - 7*p**2 + 6*p. Let h be x(6). Suppose -363 = 3*k - h*k. Is 6 - k - (0 - 0) composite?
False
Let o = -1212 - -1903. Is o a prime numb